{"id":241,"date":"2018-02-15T21:21:50","date_gmt":"2018-02-15T21:21:50","guid":{"rendered":"http:\/\/kindergarten-wespennest.de\/?page_id=241"},"modified":"2021-03-22T10:44:38","modified_gmt":"2021-03-22T10:44:38","slug":"oeffnungszeiten-und-tagesablauf","status":"publish","type":"page","link":"http:\/\/kindergarten-wespennest.de\/?page_id=241","title":{"rendered":"\u00d6ffnungszeiten und Tagesablauf"},"content":{"rendered":"<p><strong>\u00d6ffnungszeiten:<\/strong><br \/>\nMontag &#8211; Freitag 7:30 Uhr &#8211; 13:30 Uhr<\/p>\n<p><strong>Tagesablauf:<\/strong><br \/>\nBis sp\u00e4testens 9:00 Uhr sollten die Kinder im Kindergarten sein.<br \/>\nVon 9:00 &#8211; 9:30 Uhr findet dann der gemeinsame Morgenkreis statt.<br \/>\nVon 10:30 &#8211; 11:00 Uhr essen wir gemeinsam mit der Gruppe.<\/p>\n<p><strong>Ferien:<\/strong><br \/>\nUnsere Ferienzeiten sind die gleichen wie die der Schule. Allerdings bieten wir eine Ferienbetreuung (Herbst-,Oster-,3 Tage Pfingst- sowie 3 Wochen Sommerferien) f\u00fcr einen festgelegten Tagessatz mit Voranmeldung an.<\/p>\n<p><strong>Bus:<\/strong><br \/>\nUnser Kindergartenbus wird gefahren von Sabine Stoll und f\u00e4hrt die Ortsteile Wehrhalden, Giersbach, Kleinherrischwand, Gro\u00dfherrischwand, R\u00fctte, Hogsch\u00fcr und Herrischried selbst an. In Einzelf\u00e4llen f\u00e4hrt sie auch bis Lochmatt. Der Bus f\u00e4hrt morgens von 7:30 &#8211; 9:00 Uhr und Mittags von 12:00 &#8211; 13:00 Uhr. Dabei k\u00f6nnen sich die jeweiligen Ankunfts- und Abfahrtszeiten je nach Notwendigkeit \u00e4ndern.<\/p>\n","protected":false},"excerpt":{"rendered":"<p>\u00d6ffnungszeiten: Montag &#8211; Freitag 7:30 Uhr &#8211; 13:30 Uhr Tagesablauf: Bis sp\u00e4testens 9:00 Uhr sollten die Kinder im Kindergarten sein. Von 9:00 &#8211; 9:30 Uhr findet dann der gemeinsame Morgenkreis statt. Von 10:30 &#8211; 11:00 Uhr essen wir gemeinsam mit der Gruppe. Ferien: Unsere Ferienzeiten sind die gleichen wie die der Schule. Allerdings bieten wir &hellip; <\/p>\n<p><a class=\"more-link btn\" href=\"http:\/\/kindergarten-wespennest.de\/?page_id=241\">Weiterlesen<\/a><\/p>\n","protected":false},"author":1,"featured_media":0,"parent":0,"menu_order":0,"comment_status":"closed","ping_status":"closed","template":"","meta":{"footnotes":""},"_links":{"self":[{"href":"http:\/\/kindergarten-wespennest.de\/index.php?rest_route=\/wp\/v2\/pages\/241"}],"collection":[{"href":"http:\/\/kindergarten-wespennest.de\/index.php?rest_route=\/wp\/v2\/pages"}],"about":[{"href":"http:\/\/kindergarten-wespennest.de\/index.php?rest_route=\/wp\/v2\/types\/page"}],"author":[{"embeddable":true,"href":"http:\/\/kindergarten-wespennest.de\/index.php?rest_route=\/wp\/v2\/users\/1"}],"replies":[{"embeddable":true,"href":"http:\/\/kindergarten-wespennest.de\/index.php?rest_route=%2Fwp%2Fv2%2Fcomments&post=241"}],"version-history":[{"count":2,"href":"http:\/\/kindergarten-wespennest.de\/index.php?rest_route=\/wp\/v2\/pages\/241\/revisions"}],"predecessor-version":[{"id":536,"href":"http:\/\/kindergarten-wespennest.de\/index.php?rest_route=\/wp\/v2\/pages\/241\/revisions\/536"}],"wp:attachment":[{"href":"http:\/\/kindergarten-wespennest.de\/index.php?rest_route=%2Fwp%2Fv2%2Fmedia&parent=241"}],"curies":[{"name":"wp","href":"https:\/\/api.w.org\/{rel}","templated":true}]}}

Öffnungszeiten und Tagesablauf

<p><strong>Öffnungszeiten:</strong><br />
Montag &#8211; Freitag 7:30 Uhr &#8211; 13:30 Uhr</p>
<p><strong>Tagesablauf:</strong><br />
Bis spätestens 9:00 Uhr sollten die Kinder im Kindergarten sein.<br />
Von 9:00 &#8211; 9:30 Uhr findet dann der gemeinsame Morgenkreis statt.<br />
Von 10:30 &#8211; 11:00 Uhr essen wir gemeinsam mit der Gruppe.</p>
<p><strong>Ferien:</strong><br />
Unsere Ferienzeiten sind die gleichen wie die der Schule. Allerdings bieten wir eine Ferienbetreuung (Herbst-,Oster-,3 Tage Pfingst- sowie 3 Wochen Sommerferien) für einen festgelegten Tagessatz mit Voranmeldung an.</p>
<p><strong>Bus:</strong><br />
Unser Kindergartenbus wird gefahren von Sabine Stoll und fährt die Ortsteile Wehrhalden, Giersbach, Kleinherrischwand, Großherrischwand, Rütte, Hogschür und Herrischried selbst an. In Einzelfällen fährt sie auch bis Lochmatt. Der Bus fährt morgens von 7:30 &#8211; 9:00 Uhr und Mittags von 12:00 &#8211; 13:00 Uhr. Dabei können sich die jeweiligen Ankunfts- und Abfahrtszeiten je nach Notwendigkeit ändern.</p>

<p>Öffnungszeiten: Montag &#8211; Freitag 7:30 Uhr &#8211; 13:30 Uhr Tagesablauf: Bis spätestens 9:00 Uhr sollten die Kinder im Kindergarten sein. Von 9:00 &#8211; 9:30 Uhr findet dann der gemeinsame Morgenkreis statt. Von 10:30 &#8211; 11:00 Uhr essen wir gemeinsam mit der Gruppe. Ferien: Unsere Ferienzeiten sind die gleichen wie die der Schule. Allerdings bieten wir &hellip; </p>
<p><a class="more-link btn" href="http://kindergarten-wespennest.de/?page_id=241">Weiterlesen</a></p>
