{"id":417,"date":"2019-10-07T18:51:00","date_gmt":"2019-10-07T18:51:00","guid":{"rendered":"http:\/\/kindergarten-wespennest.de\/?page_id=417"},"modified":"2022-12-20T19:53:18","modified_gmt":"2022-12-20T19:53:18","slug":"daniela-reichelt","status":"publish","type":"page","link":"http:\/\/kindergarten-wespennest.de\/?page_id=417","title":{"rendered":"Daniela Reichelt (Leitung)"},"content":{"rendered":"\n<figure class=\"wp-block-image\"><img loading=\"lazy\" decoding=\"async\" width=\"500\" height=\"332\" src=\"http:\/\/kindergarten-wespennest.de\/wp-content\/uploads\/2019\/10\/Nel01.jpg\" alt=\"\" class=\"wp-image-413\" srcset=\"http:\/\/kindergarten-wespennest.de\/wp-content\/uploads\/2019\/10\/Nel01.jpg 500w, http:\/\/kindergarten-wespennest.de\/wp-content\/uploads\/2019\/10\/Nel01-300x199.jpg 300w\" sizes=\"(max-width: 500px) 100vw, 500px\" \/><\/figure>\n\n\n\n<p class=\"has-text-align-left\"><strong>Name<\/strong>:<br>Daniela Reichelt<\/p>\n\n\n\n<p class=\"has-text-align-left\"><strong>Alter<\/strong>:<br>39<\/p>\n\n\n\n<p class=\"has-text-align-left\"><strong>Lieblingszitat<\/strong>: <br>Liebe mich am meisten, wenn ich es am wenigsten verdient habe, denn dann brauche ich es am n\u00f6tigsten. \u2013<em>Helen Keller<\/em><\/p>\n\n\n\n<p class=\"has-text-align-left\"><strong>Was zeichnet das Wespennest f\u00fcr dich aus<\/strong>:<br>Das Wespennest ist in \u00fcber 15 Jahren f\u00fcr mich ein St\u00fcck Zuhause geworden. Hier d\u00fcrfen Kinder noch Kinder sein und jeder wird so akzeptiert wie er ist. <\/p>\n\n\n\n<p class=\"has-text-align-left\"><strong>Was ist dein Lieblingsduft<\/strong>:<br>Warmer Sand und salziges Meer an einem windigen Sommertag <br><br><strong>Welches ist dein Lieblingsbuch und warum<\/strong>:<br>Der wei\u00dfe Wolf von K\u00e4the Recheis. Seit meiner Jugend versinke ich in der Welt dieses Buches und jedes Mal wenn ich es lese nimmt es mich wieder mit auf eine Reise in phantastische Welten und unbekannte Orte. <br><br><strong> W\u00e4re ich ein Superheld h\u00e4tte ich diese Kraft<\/strong>:<br>Tauchen. Stundenlang und in alle Tiefen ohne Taucherausr\u00fcstung und ohne U-Boot. <\/p>\n\n\n\n<p class=\"has-text-align-left\"><strong>Was verbindest du mit dem Begriff Kindheit<\/strong>:<br>Schmutzige H\u00e4nde und Hosen, Wald und Wiesen, sich verstecken, gefunden und umarmt zu werden. Der Geruch von B\u00e4umen im Herbst, kalten B\u00e4chen im Winter und geschnittenem Heu im Sommer.  <\/p>\n","protected":false},"excerpt":{"rendered":"<p>Name:Daniela Reichelt Alter:39 Lieblingszitat: Liebe mich am meisten, wenn ich es am wenigsten verdient habe, denn dann brauche ich es am n\u00f6tigsten. \u2013Helen Keller Was zeichnet das Wespennest f\u00fcr dich aus:Das Wespennest ist in \u00fcber 15 Jahren f\u00fcr mich ein St\u00fcck Zuhause geworden. Hier d\u00fcrfen Kinder noch Kinder sein und jeder wird so akzeptiert wie &hellip; <\/p>\n<p><a class=\"more-link btn\" href=\"http:\/\/kindergarten-wespennest.de\/?page_id=417\">Weiterlesen<\/a><\/p>\n","protected":false},"author":1,"featured_media":0,"parent":0,"menu_order":0,"comment_status":"closed","ping_status":"closed","template":"","meta":{"footnotes":""},"_links":{"self":[{"href":"http:\/\/kindergarten-wespennest.de\/index.php?rest_route=\/wp\/v2\/pages\/417"}],"collection":[{"href":"http:\/\/kindergarten-wespennest.de\/index.php?rest_route=\/wp\/v2\/pages"}],"about":[{"href":"http:\/\/kindergarten-wespennest.de\/index.php?rest_route=\/wp\/v2\/types\/page"}],"author":[{"embeddable":true,"href":"http:\/\/kindergarten-wespennest.de\/index.php?rest_route=\/wp\/v2\/users\/1"}],"replies":[{"embeddable":true,"href":"http:\/\/kindergarten-wespennest.de\/index.php?rest_route=%2Fwp%2Fv2%2Fcomments&post=417"}],"version-history":[{"count":8,"href":"http:\/\/kindergarten-wespennest.de\/index.php?rest_route=\/wp\/v2\/pages\/417\/revisions"}],"predecessor-version":[{"id":569,"href":"http:\/\/kindergarten-wespennest.de\/index.php?rest_route=\/wp\/v2\/pages\/417\/revisions\/569"}],"wp:attachment":[{"href":"http:\/\/kindergarten-wespennest.de\/index.php?rest_route=%2Fwp%2Fv2%2Fmedia&parent=417"}],"curies":[{"name":"wp","href":"https:\/\/api.w.org\/{rel}","templated":true}]}}

<figure class="wp-block-image"><img loading="lazy" decoding="async" width="500" height="332" src="http://kindergarten-wespennest.de/wp-content/uploads/2019/10/Nel01.jpg" alt="" class="wp-image-413" srcset="http://kindergarten-wespennest.de/wp-content/uploads/2019/10/Nel01.jpg 500w, http://kindergarten-wespennest.de/wp-content/uploads/2019/10/Nel01-300x199.jpg 300w" sizes="(max-width: 500px) 100vw, 500px" /></figure>



<p class="has-text-align-left"><strong>Name</strong>:<br>Daniela Reichelt</p>



<p class="has-text-align-left"><strong>Alter</strong>:<br>39</p>



<p class="has-text-align-left"><strong>Lieblingszitat</strong>: <br>Liebe mich am meisten, wenn ich es am wenigsten verdient habe, denn dann brauche ich es am nötigsten. –<em>Helen Keller</em></p>



<p class="has-text-align-left"><strong>Was zeichnet das Wespennest für dich aus</strong>:<br>Das Wespennest ist in über 15 Jahren für mich ein Stück Zuhause geworden. Hier dürfen Kinder noch Kinder sein und jeder wird so akzeptiert wie er ist. </p>



<p class="has-text-align-left"><strong>Was ist dein Lieblingsduft</strong>:<br>Warmer Sand und salziges Meer an einem windigen Sommertag <br><br><strong>Welches ist dein Lieblingsbuch und warum</strong>:<br>Der weiße Wolf von Käthe Recheis. Seit meiner Jugend versinke ich in der Welt dieses Buches und jedes Mal wenn ich es lese nimmt es mich wieder mit auf eine Reise in phantastische Welten und unbekannte Orte. <br><br><strong> Wäre ich ein Superheld hätte ich diese Kraft</strong>:<br>Tauchen. Stundenlang und in alle Tiefen ohne Taucherausrüstung und ohne U-Boot. </p>



<p class="has-text-align-left"><strong>Was verbindest du mit dem Begriff Kindheit</strong>:<br>Schmutzige Hände und Hosen, Wald und Wiesen, sich verstecken, gefunden und umarmt zu werden. Der Geruch von Bäumen im Herbst, kalten Bächen im Winter und geschnittenem Heu im Sommer.  </p>

<p>Name:Daniela Reichelt Alter:39 Lieblingszitat: Liebe mich am meisten, wenn ich es am wenigsten verdient habe, denn dann brauche ich es am nötigsten. –Helen Keller Was zeichnet das Wespennest für dich aus:Das Wespennest ist in über 15 Jahren für mich ein Stück Zuhause geworden. Hier dürfen Kinder noch Kinder sein und jeder wird so akzeptiert wie &hellip; </p>
<p><a class="more-link btn" href="http://kindergarten-wespennest.de/?page_id=417">Weiterlesen</a></p>
